{"id":365,"date":"2026-01-24T13:55:38","date_gmt":"2026-01-24T12:55:38","guid":{"rendered":"https:\/\/energideale.fr\/?page_id=365"},"modified":"2026-02-24T13:11:57","modified_gmt":"2026-02-24T12:11:57","slug":"mouvement-au-quotidien","status":"publish","type":"page","link":"https:\/\/energideale.fr\/index.php\/mouvement-au-quotidien\/","title":{"rendered":"Le mouvement"},"content":{"rendered":"<p>[et_pb_section fb_built=\u00a0\u00bb1&Prime; _builder_version=\u00a0\u00bb4.27.5&Prime; _module_preset=\u00a0\u00bbdefault\u00a0\u00bb background_image=\u00a0\u00bbhttps:\/\/energideale.fr\/wp-content\/uploads\/2020\/05\/fab-site.jpg\u00a0\u00bb parallax=\u00a0\u00bbon\u00a0\u00bb global_colors_info=\u00a0\u00bb{}\u00a0\u00bb][et_pb_row _builder_version=\u00a0\u00bb4.27.5&Prime; _module_preset=\u00a0\u00bbdefault\u00a0\u00bb global_colors_info=\u00a0\u00bb{}\u00a0\u00bb][et_pb_column type=\u00a0\u00bb4_4&Prime; _builder_version=\u00a0\u00bb4.27.5&Prime; _module_preset=\u00a0\u00bbdefault\u00a0\u00bb global_colors_info=\u00a0\u00bb{}\u00a0\u00bb][\/et_pb_column][\/et_pb_row][et_pb_row _builder_version=\u00a0\u00bb4.27.5&Prime; _module_preset=\u00a0\u00bbdefault\u00a0\u00bb global_colors_info=\u00a0\u00bb{}\u00a0\u00bb][et_pb_column type=\u00a0\u00bb4_4&Prime; _builder_version=\u00a0\u00bb4.27.5&Prime; _module_preset=\u00a0\u00bbdefault\u00a0\u00bb global_colors_info=\u00a0\u00bb{}\u00a0\u00bb][\/et_pb_column][\/et_pb_row][\/et_pb_section][et_pb_section fb_built=\u00a0\u00bb1&Prime; _builder_version=\u00a0\u00bb4.27.5&Prime; _module_preset=\u00a0\u00bbdefault\u00a0\u00bb global_colors_info=\u00a0\u00bb{}\u00a0\u00bb][et_pb_row _builder_version=\u00a0\u00bb4.27.5&Prime; _module_preset=\u00a0\u00bbdefault\u00a0\u00bb global_colors_info=\u00a0\u00bb{}\u00a0\u00bb][et_pb_column type=\u00a0\u00bb4_4&Prime; _builder_version=\u00a0\u00bb4.27.5&Prime; _module_preset=\u00a0\u00bbdefault\u00a0\u00bb global_colors_info=\u00a0\u00bb{}\u00a0\u00bb][et_pb_text _builder_version=\u00a0\u00bb4.27.5&Prime; _module_preset=\u00a0\u00bbdefault\u00a0\u00bb global_colors_info=\u00a0\u00bb{}\u00a0\u00bb]<\/p>\n<div class=\"w-full mt-[1em] mb-[1px]\">\n<h3 data-slate-node=\"element\" class=\"font-[600] py-[3px] text-[1.25em]\" data-anchor=\"%F0%9F%8C%B33lemouvementquotidien%3Al'%C3%A9nergieparlaconstance\" data-slug=\"%F0%9F%8C%B33lemouvementquotidien%3Al'%C3%A9nergieparlaconstance14\"><span data-slate-node=\"text\"><span class=\"\" data-slate-leaf=\"true\">\ud83c\udf33 3. Le mouvement quotidien : L&rsquo;\u00e9nergie par la constance.<\/span><\/span><\/h3>\n<\/div>\n<div class=\"w-full my-[1px]\" data-slate-fragment=\"JTVCJTdCJTIydHlwZSUyMiUzQSUyMmhlYWRpbmclMjIlMkMlMjJsZXZlbCUyMiUzQTMlMkMlMjJjaGlsZHJlbiUyMiUzQSU1QiU3QiUyMnRleHQlMjIlM0ElMjIlRjAlOUYlOEMlQjMlMjAzLiUyMExlJTIwTW91dmVtZW50JTIwUXVvdGlkaWVuJTIwJTNBJTIwTCclQzMlODluZXJnaWUlMjBwYXIlMjBsYSUyMENvbnN0YW5jZSUyMiU3RCU1RCU3RCUyQyU3QiUyMnR5cGUlMjIlM0ElMjJwJTIyJTJDJTIyY2hpbGRyZW4lMjIlM0ElNUIlN0IlMjJ0ZXh0JTIyJTNBJTIyTGUlMjBkJUMzJUE5ZmklMjAlM0ElMjIlMkMlMjJib2xkJTIyJTNBdHJ1ZSU3RCUyQyU3QiUyMnRleHQlMjIlM0ElMjIlMjBHYXJkZXIlMjB1bmUlMjB2aXRhbGl0JUMzJUE5JTIwcGh5c2lxdWUlMjBldCUyMG1lbnRhbGUlMjBjb25zdGFudGUlMjBzYW5zJTIwdG9tYmVyJTIwZGFucyUyMGwnZWZmb3J0JTIwc3VyaHVtYWluLiUyMiU3RCUyQyU3QiUyMnR5cGUlMjIlM0ElMjJwJTIyJTJDJTIyaXNCcmVhayUyMiUzQXRydWUlMkMlMjJjaGlsZHJlbiUyMiUzQSU1QiU3QiUyMnRleHQlMjIlM0ElMjIlMjIlN0QlNUQlN0QlMkMlN0IlMjJ0ZXh0JTIyJTNBJTIyTGElMjBzb2x1dGlvbiUyMCUzQSUyMiUyQyUyMmJvbGQlMjIlM0F0cnVlJTdEJTJDJTdCJTIydGV4dCUyMiUzQSUyMiUyMExlJTIwc2VjcmV0JTIwZCd1bmUlMjAlQzMlQTluZXJnaWUlMjBkdXJhYmxlJTIwZXN0JTIwZGFucyUyMGxhJTIwJTIyJTdEJTJDJTdCJTIydGV4dCUyMiUzQSUyMmNvbnN0YW5jZSUyMGR1JTIwbW91dmVtZW50JTIyJTJDJTIyYm9sZCUyMiUzQXRydWUlN0QlMkMlN0IlMjJ0ZXh0JTIyJTNBJTIyLiUyMENldHRlJTIwYnJhbmNoZSUyMHZvdXMlMjBwcm9wb3NlJTIwZGVzJTIwJTIyJTdEJTJDJTdCJTIydGV4dCUyMiUzQSUyMnByYXRpcXVlcyUyMHNpbXBsZXMlMjBldCUyMGFjY2Vzc2libGVzJTIyJTJDJTIyYm9sZCUyMiUzQXRydWUlN0QlMkMlN0IlMjJ0ZXh0JTIyJTNBJTIyJTIwcG91ciUyMGludCVDMyVBOWdyZXIlMjBsZSUyMG1vdXZlbWVudCUyMGRhbnMlMjB2b3RyZSUyMHF1b3RpZGllbiUyQyUyMHNhbnMlMjBwcmVzc2lvbiUyMG5pJTIwY3VscGFiaWxpdCVDMyVBOS4lMjBDJ2VzdCUyMGxhJTIwY2wlQzMlQTklMjBwb3VyJTIwbWFpbnRlbmlyJTIwbGElMjBjaXJjdWxhdGlvbiUyMGRlJTIwbCclQzMlQTluZXJnaWUlMjBldCUyMHNvdXRlbmlyJTIwdm90cmUlMjAlMjIlN0QlMkMlN0IlMjJ0ZXh0JTIyJTNBJTIyYm9ubmUlMjBzYW50JUMzJUE5JTIyJTJDJTIyYm9sZCUyMiUzQXRydWUlN0QlMkMlN0IlMjJ0ZXh0JTIyJTNBJTIyLiUyMiU3RCU1RCU3RCUyQyU3QiUyMnR5cGUlMjIlM0ElMjJwJTIyJTJDJTIyY2hpbGRyZW4lMjIlM0ElNUIlN0IlMjJ0ZXh0JTIyJTNBJTIyJTIyJTdEJTVEJTdEJTVE\">\n<div data-slate-node=\"element\" class=\"py-[3px]\">\n<p><strong><span class=\"font-[600]\" data-slate-leaf=\"true\">Le d\u00e9fi :<\/span><\/strong><span data-slate-node=\"text\"><span class=\"\" data-slate-leaf=\"true\"> Garder une vitalit\u00e9 physique et mentale constante sans tomber dans l&rsquo;effort surhumain.<\/span><\/span><\/p>\n<div class=\"py-[3px]\"><\/div>\n<p><strong><span class=\"font-[600]\" data-slate-leaf=\"true\">La solution :<\/span><\/strong><span data-slate-node=\"text\"><span class=\"\" data-slate-leaf=\"true\"> Le secret d&rsquo;une \u00e9nergie durable est dans la <\/span><\/span><span data-slate-node=\"text\"><span class=\"font-[600]\" data-slate-leaf=\"true\">constance du mouvement<\/span><\/span><span data-slate-node=\"text\"><span class=\"\" data-slate-leaf=\"true\">. Cette branche vous propose des <\/span><\/span><span data-slate-node=\"text\"><span class=\"font-[600]\" data-slate-leaf=\"true\">pratiques simples et accessibles<\/span><\/span><span data-slate-node=\"text\"><span class=\"\" data-slate-leaf=\"true\"> pour int\u00e9grer le mouvement dans votre quotidien, sans pression ni culpabilit\u00e9. C&rsquo;est la cl\u00e9 pour maintenir la circulation de l&rsquo;\u00e9nergie et soutenir votre <\/span><\/span><span data-slate-node=\"text\"><span class=\"font-[600]\" data-slate-leaf=\"true\">bonne sant\u00e9<\/span><\/span><span data-slate-node=\"text\"><span class=\"\" data-slate-leaf=\"true\">.<\/span><\/span><\/div>\n<\/div>\n<div class=\"w-full my-[1px]\">\n<div data-slate-node=\"element\" class=\"py-[3px]\"><\/div>\n<\/div>\n<p>[\/et_pb_text][\/et_pb_column][\/et_pb_row][et_pb_row column_structure=\u00a0\u00bb1_3,1_3,1_3&Prime; _builder_version=\u00a0\u00bb4.27.5&Prime; _module_preset=\u00a0\u00bbdefault\u00a0\u00bb global_colors_info=\u00a0\u00bb{}\u00a0\u00bb][et_pb_column type=\u00a0\u00bb1_3&Prime; _builder_version=\u00a0\u00bb4.27.5&Prime; _module_preset=\u00a0\u00bbdefault\u00a0\u00bb global_colors_info=\u00a0\u00bb{}\u00a0\u00bb][et_pb_video src=\u00a0\u00bbhttps:\/\/www.youtube.com\/shorts\/N_-uNUooIDQ\u00a0\u00bb _builder_version=\u00a0\u00bb4.27.5&Prime; _module_preset=\u00a0\u00bbdefault\u00a0\u00bb global_colors_info=\u00a0\u00bb{}\u00a0\u00bb][\/et_pb_video][\/et_pb_column][et_pb_column type=\u00a0\u00bb1_3&Prime; _builder_version=\u00a0\u00bb4.27.5&Prime; _module_preset=\u00a0\u00bbdefault\u00a0\u00bb global_colors_info=\u00a0\u00bb{}\u00a0\u00bb][et_pb_video src=\u00a0\u00bbhttps:\/\/youtube.com\/shorts\/F67H2Nvkmn0&Prime; _builder_version=\u00a0\u00bb4.27.5&Prime; _module_preset=\u00a0\u00bbdefault\u00a0\u00bb hover_enabled=\u00a0\u00bb0&Prime; sticky_enabled=\u00a0\u00bb0&Prime;][\/et_pb_video][\/et_pb_column][et_pb_column type=\u00a0\u00bb1_3&Prime; _builder_version=\u00a0\u00bb4.27.5&Prime; _module_preset=\u00a0\u00bbdefault\u00a0\u00bb global_colors_info=\u00a0\u00bb{}\u00a0\u00bb][et_pb_video src=\u00a0\u00bbhttps:\/\/youtube.com\/shorts\/m9BR54DMh9o\u00a0\u00bb _builder_version=\u00a0\u00bb4.27.5&Prime; _module_preset=\u00a0\u00bbdefault\u00a0\u00bb][\/et_pb_video][\/et_pb_column][\/et_pb_row][et_pb_row _builder_version=\u00a0\u00bb4.27.5&Prime; _module_preset=\u00a0\u00bbdefault\u00a0\u00bb][et_pb_column _builder_version=\u00a0\u00bb4.27.5&Prime; _module_preset=\u00a0\u00bbdefault\u00a0\u00bb type=\u00a0\u00bb4_4&Prime;][et_pb_button button_text=\u00a0\u00bbAcc\u00e8s \u00e0 la playlist\u00a0\u00bb _builder_version=\u00a0\u00bb4.27.5&Prime; _module_preset=\u00a0\u00bbdefault\u00a0\u00bb hover_enabled=\u00a0\u00bb0&Prime; sticky_enabled=\u00a0\u00bb0&Prime; button_url=\u00a0\u00bbhttps:\/\/www.youtube.com\/playlist?list=PLpLwfgF4nhvGBGydHOuOSGNYmMtTj6VHy\u00a0\u00bb url_new_window=\u00a0\u00bbon\u00a0\u00bb button_alignment=\u00a0\u00bbcenter\u00a0\u00bb custom_button=\u00a0\u00bbon\u00a0\u00bb button_text_color=\u00a0\u00bb#FFFFFF\u00a0\u00bb button_bg_color=\u00a0\u00bb#45c621&Prime; button_bg_enable_color=\u00a0\u00bbon\u00a0\u00bb][\/et_pb_button][\/et_pb_column][\/et_pb_row][\/et_pb_section]<\/p>\n","protected":false},"excerpt":{"rendered":"<p>\ud83c\udf33 3. Le mouvement quotidien : L&rsquo;\u00e9nergie par la constance. Le d\u00e9fi : Garder une vitalit\u00e9 physique et mentale constante sans tomber dans l&rsquo;effort surhumain. La solution : Le secret d&rsquo;une \u00e9nergie durable est dans la constance du mouvement. Cette branche vous propose des pratiques simples et accessibles pour int\u00e9grer le mouvement dans votre quotidien, [&hellip;]<\/p>\n","protected":false},"author":2,"featured_media":0,"parent":0,"menu_order":0,"comment_status":"closed","ping_status":"closed","template":"","meta":{"_et_pb_use_builder":"on","_et_pb_old_content":"","_et_gb_content_width":"","footnotes":""},"class_list":["post-365","page","type-page","status-publish","hentry"],"yoast_head":"<!-- This site is optimized with the Yoast SEO plugin v27.0 - https:\/\/yoast.com\/product\/yoast-seo-wordpress\/ -->\n<title>Le mouvement - Energid\u00e9ale<\/title>\n<meta name=\"robots\" content=\"index, follow, max-snippet:-1, max-image-preview:large, max-video-preview:-1\" \/>\n<link rel=\"canonical\" href=\"https:\/\/energideale.fr\/index.php\/mouvement-au-quotidien\/\" \/>\n<meta property=\"og:locale\" content=\"fr_FR\" \/>\n<meta property=\"og:type\" content=\"article\" \/>\n<meta property=\"og:title\" content=\"Le mouvement - Energid\u00e9ale\" \/>\n<meta property=\"og:description\" content=\"\ud83c\udf33 3. Le mouvement quotidien : L&#039;\u00e9nergie par la constance. Le d\u00e9fi : Garder une vitalit\u00e9 physique et mentale constante sans tomber dans l&#039;effort surhumain. La solution : Le secret d&#039;une \u00e9nergie durable est dans la constance du mouvement. Cette branche vous propose des pratiques simples et accessibles pour int\u00e9grer le mouvement dans votre quotidien, [&hellip;]\" \/>\n<meta property=\"og:url\" content=\"https:\/\/energideale.fr\/index.php\/mouvement-au-quotidien\/\" \/>\n<meta property=\"og:site_name\" content=\"Energid\u00e9ale\" \/>\n<meta property=\"article:modified_time\" content=\"2026-02-24T12:11:57+00:00\" \/>\n<meta name=\"twitter:card\" content=\"summary_large_image\" \/>\n<script type=\"application\/ld+json\" class=\"yoast-schema-graph\">{\"@context\":\"https:\/\/schema.org\",\"@graph\":[{\"@type\":\"WebPage\",\"@id\":\"https:\/\/energideale.fr\/index.php\/mouvement-au-quotidien\/\",\"url\":\"https:\/\/energideale.fr\/index.php\/mouvement-au-quotidien\/\",\"name\":\"Le mouvement - Energid\u00e9ale\",\"isPartOf\":{\"@id\":\"https:\/\/energideale.fr\/#website\"},\"datePublished\":\"2026-01-24T12:55:38+00:00\",\"dateModified\":\"2026-02-24T12:11:57+00:00\",\"breadcrumb\":{\"@id\":\"https:\/\/energideale.fr\/index.php\/mouvement-au-quotidien\/#breadcrumb\"},\"inLanguage\":\"fr-FR\",\"potentialAction\":[{\"@type\":\"ReadAction\",\"target\":[\"https:\/\/energideale.fr\/index.php\/mouvement-au-quotidien\/\"]}]},{\"@type\":\"BreadcrumbList\",\"@id\":\"https:\/\/energideale.fr\/index.php\/mouvement-au-quotidien\/#breadcrumb\",\"itemListElement\":[{\"@type\":\"ListItem\",\"position\":1,\"name\":\"Accueil\",\"item\":\"https:\/\/energideale.fr\/\"},{\"@type\":\"ListItem\",\"position\":2,\"name\":\"Le mouvement\"}]},{\"@type\":\"WebSite\",\"@id\":\"https:\/\/energideale.fr\/#website\",\"url\":\"https:\/\/energideale.fr\/\",\"name\":\"Energid\u00e9ale\",\"description\":\"\",\"potentialAction\":[{\"@type\":\"SearchAction\",\"target\":{\"@type\":\"EntryPoint\",\"urlTemplate\":\"https:\/\/energideale.fr\/?s={search_term_string}\"},\"query-input\":{\"@type\":\"PropertyValueSpecification\",\"valueRequired\":true,\"valueName\":\"search_term_string\"}}],\"inLanguage\":\"fr-FR\"}]}<\/script>\n<!-- \/ Yoast SEO plugin. -->","yoast_head_json":{"title":"Le mouvement - Energid\u00e9ale","robots":{"index":"index","follow":"follow","max-snippet":"max-snippet:-1","max-image-preview":"max-image-preview:large","max-video-preview":"max-video-preview:-1"},"canonical":"https:\/\/energideale.fr\/index.php\/mouvement-au-quotidien\/","og_locale":"fr_FR","og_type":"article","og_title":"Le mouvement - Energid\u00e9ale","og_description":"\ud83c\udf33 3. Le mouvement quotidien : L'\u00e9nergie par la constance. Le d\u00e9fi : Garder une vitalit\u00e9 physique et mentale constante sans tomber dans l'effort surhumain. La solution : Le secret d'une \u00e9nergie durable est dans la constance du mouvement. Cette branche vous propose des pratiques simples et accessibles pour int\u00e9grer le mouvement dans votre quotidien, [&hellip;]","og_url":"https:\/\/energideale.fr\/index.php\/mouvement-au-quotidien\/","og_site_name":"Energid\u00e9ale","article_modified_time":"2026-02-24T12:11:57+00:00","twitter_card":"summary_large_image","schema":{"@context":"https:\/\/schema.org","@graph":[{"@type":"WebPage","@id":"https:\/\/energideale.fr\/index.php\/mouvement-au-quotidien\/","url":"https:\/\/energideale.fr\/index.php\/mouvement-au-quotidien\/","name":"Le mouvement - Energid\u00e9ale","isPartOf":{"@id":"https:\/\/energideale.fr\/#website"},"datePublished":"2026-01-24T12:55:38+00:00","dateModified":"2026-02-24T12:11:57+00:00","breadcrumb":{"@id":"https:\/\/energideale.fr\/index.php\/mouvement-au-quotidien\/#breadcrumb"},"inLanguage":"fr-FR","potentialAction":[{"@type":"ReadAction","target":["https:\/\/energideale.fr\/index.php\/mouvement-au-quotidien\/"]}]},{"@type":"BreadcrumbList","@id":"https:\/\/energideale.fr\/index.php\/mouvement-au-quotidien\/#breadcrumb","itemListElement":[{"@type":"ListItem","position":1,"name":"Accueil","item":"https:\/\/energideale.fr\/"},{"@type":"ListItem","position":2,"name":"Le mouvement"}]},{"@type":"WebSite","@id":"https:\/\/energideale.fr\/#website","url":"https:\/\/energideale.fr\/","name":"Energid\u00e9ale","description":"","potentialAction":[{"@type":"SearchAction","target":{"@type":"EntryPoint","urlTemplate":"https:\/\/energideale.fr\/?s={search_term_string}"},"query-input":{"@type":"PropertyValueSpecification","valueRequired":true,"valueName":"search_term_string"}}],"inLanguage":"fr-FR"}]}},"_links":{"self":[{"href":"https:\/\/energideale.fr\/index.php\/wp-json\/wp\/v2\/pages\/365","targetHints":{"allow":["GET"]}}],"collection":[{"href":"https:\/\/energideale.fr\/index.php\/wp-json\/wp\/v2\/pages"}],"about":[{"href":"https:\/\/energideale.fr\/index.php\/wp-json\/wp\/v2\/types\/page"}],"author":[{"embeddable":true,"href":"https:\/\/energideale.fr\/index.php\/wp-json\/wp\/v2\/users\/2"}],"replies":[{"embeddable":true,"href":"https:\/\/energideale.fr\/index.php\/wp-json\/wp\/v2\/comments?post=365"}],"version-history":[{"count":8,"href":"https:\/\/energideale.fr\/index.php\/wp-json\/wp\/v2\/pages\/365\/revisions"}],"predecessor-version":[{"id":428,"href":"https:\/\/energideale.fr\/index.php\/wp-json\/wp\/v2\/pages\/365\/revisions\/428"}],"wp:attachment":[{"href":"https:\/\/energideale.fr\/index.php\/wp-json\/wp\/v2\/media?parent=365"}],"curies":[{"name":"wp","href":"https:\/\/api.w.org\/{rel}","templated":true}]}}