{"id":359,"date":"2026-01-24T13:52:00","date_gmt":"2026-01-24T12:52:00","guid":{"rendered":"https:\/\/energideale.fr\/?page_id=359"},"modified":"2026-02-24T13:08:40","modified_gmt":"2026-02-24T12:08:40","slug":"lage-dor","status":"publish","type":"page","link":"https:\/\/energideale.fr\/index.php\/lage-dor\/","title":{"rendered":"L&rsquo;\u00e2ge d&rsquo;OR"},"content":{"rendered":"<p>[et_pb_section fb_built=\u00a0\u00bb1&Prime; _builder_version=\u00a0\u00bb4.27.5&Prime; _module_preset=\u00a0\u00bbdefault\u00a0\u00bb background_image=\u00a0\u00bbhttps:\/\/energideale.fr\/wp-content\/uploads\/2020\/05\/fab-site.jpg\u00a0\u00bb parallax=\u00a0\u00bbon\u00a0\u00bb global_colors_info=\u00a0\u00bb{}\u00a0\u00bb][et_pb_row _builder_version=\u00a0\u00bb4.27.5&Prime; _module_preset=\u00a0\u00bbdefault\u00a0\u00bb global_colors_info=\u00a0\u00bb{}\u00a0\u00bb][et_pb_column type=\u00a0\u00bb4_4&Prime; _builder_version=\u00a0\u00bb4.27.5&Prime; _module_preset=\u00a0\u00bbdefault\u00a0\u00bb global_colors_info=\u00a0\u00bb{}\u00a0\u00bb][\/et_pb_column][\/et_pb_row][et_pb_row _builder_version=\u00a0\u00bb4.27.5&Prime; _module_preset=\u00a0\u00bbdefault\u00a0\u00bb global_colors_info=\u00a0\u00bb{}\u00a0\u00bb][et_pb_column type=\u00a0\u00bb4_4&Prime; _builder_version=\u00a0\u00bb4.27.5&Prime; _module_preset=\u00a0\u00bbdefault\u00a0\u00bb global_colors_info=\u00a0\u00bb{}\u00a0\u00bb][\/et_pb_column][\/et_pb_row][\/et_pb_section][et_pb_section fb_built=\u00a0\u00bb1&Prime; _builder_version=\u00a0\u00bb4.27.5&Prime; _module_preset=\u00a0\u00bbdefault\u00a0\u00bb global_colors_info=\u00a0\u00bb{}\u00a0\u00bb][et_pb_row _builder_version=\u00a0\u00bb4.27.5&Prime; _module_preset=\u00a0\u00bbdefault\u00a0\u00bb global_colors_info=\u00a0\u00bb{}\u00a0\u00bb][et_pb_column type=\u00a0\u00bb4_4&Prime; _builder_version=\u00a0\u00bb4.27.5&Prime; _module_preset=\u00a0\u00bbdefault\u00a0\u00bb global_colors_info=\u00a0\u00bb{}\u00a0\u00bb][et_pb_text _builder_version=\u00a0\u00bb4.27.5&Prime; _module_preset=\u00a0\u00bbdefault\u00a0\u00bb global_colors_info=\u00a0\u00bb{}\u00a0\u00bb]<\/p>\n<div class=\"w-full mt-[1em] mb-[1px]\">\n<h3 data-slate-node=\"element\" class=\"font-[600] py-[3px] text-[1.25em]\" data-anchor=\"%F0%9F%8C%B32l'%C3%A2ged'or%3Al'%C3%A9panouissementauf%C3%A9mininapr%C3%A8s50ans\" data-slug=\"%F0%9F%8C%B32l'%C3%A2ged'or%3Al'%C3%A9panouissementauf%C3%A9mininapr%C3%A8s50ans11\"><span data-slate-node=\"text\"><span class=\"\" data-slate-leaf=\"true\">\ud83c\udf33 2. L&rsquo;\u00e2ge d&rsquo;OR : L&rsquo;\u00e9panouissement au f\u00e9minin.<\/span><\/span><\/h3>\n<\/div>\n<div class=\"w-full my-[1px]\" data-slate-fragment=\"JTVCJTdCJTIydHlwZSUyMiUzQSUyMmhlYWRpbmclMjIlMkMlMjJsZXZlbCUyMiUzQTMlMkMlMjJjaGlsZHJlbiUyMiUzQSU1QiU3QiUyMnRleHQlMjIlM0ElMjIlRjAlOUYlOEMlQjMlMjAyLiUyMEwnJUMzJTgyZ2UlMjBkJ09yJTIwJTNBJTIwTCclQzMlODlwYW5vdWlzc2VtZW50JTIwYXUlMjBGJUMzJUE5bWluaW4lMjBBcHIlQzMlQThzJTIwNTAlMjBBbnMlMjIlN0QlNUQlN0QlMkMlN0IlMjJ0eXBlJTIyJTNBJTIycCUyMiUyQyUyMmNoaWxkcmVuJTIyJTNBJTVCJTdCJTIydGV4dCUyMiUzQSUyMkxlJTIwZCVDMyVBOWZpJTIwJTNBJTIyJTJDJTIyYm9sZCUyMiUzQXRydWUlN0QlMkMlN0IlMjJ0ZXh0JTIyJTNBJTIyJTIwTGUlMjBjYXAlMjBkZSUyMGxhJTIwY2lucXVhbnRhaW5lJTIwZXN0JTIwdW5lJTIwcCVDMyVBOXJpb2RlJTIwZGUlMjB0cmFuc2l0aW9uJTIwcXVpJTIwZGVtYW5kZSUyMGRlJTIwcmVkJUMzJUE5ZmluaXIlMjBzb24lMjBiaWVuLSVDMyVBQXRyZSUyMGV0JTIwc2VzJTIwb2JqZWN0aWZzLiUyMiU3RCUyQyU3QiUyMnR5cGUlMjIlM0ElMjJwJTIyJTJDJTIyaXNCcmVhayUyMiUzQXRydWUlMkMlMjJjaGlsZHJlbiUyMiUzQSU1QiU3QiUyMnRleHQlMjIlM0ElMjIlMjIlN0QlNUQlN0QlMkMlN0IlMjJ0ZXh0JTIyJTNBJTIyTGElMjBzb2x1dGlvbiUyMCUzQSUyMiUyQyUyMmJvbGQlMjIlM0F0cnVlJTdEJTJDJTdCJTIydGV4dCUyMiUzQSUyMiUyMENldHRlJTIwYnJhbmNoZSUyMGVzdCUyMGQlQzMlQTlkaSVDMyVBOWUlMjAlQzMlQTAlMjBsJ2FydCUyMGRlJTIwdml2cmUlMjBjZXR0ZSUyMCUyMiU3RCUyQyU3QiUyMnRleHQlMjIlM0ElMjJ2aWUlMjAlQzMlQTlwYW5vdWllJTIwYXByJUMzJUE4cyUyMDUwJTIwYW5zJTIyJTJDJTIyYm9sZCUyMiUzQXRydWUlN0QlMkMlN0IlMjJ0ZXh0JTIyJTNBJTIyLiUyME5vdXMlMjBleHBsb3JvbnMlMjBkZXMlMjBzdHJhdCVDMyVBOWdpZXMlMjBwb3VyJTIwbGUlMjBiaWVuLSVDMyVBQXRyZSUyMGhvcm1vbmFsJTJDJTIwbGElMjBjb25maWFuY2UlMjBlbiUyMHNvaSUyMHJlbm91dmVsJUMzJUE5ZSUyMGV0JTIwbGElMjByZWQlQzMlQTlmaW5pdGlvbiUyMGRlJTIwdm9zJTIwcHJvamV0cyUyQyUyMHBvdXIlMjBxdWUlMjBjZXR0ZSUyMGQlQzMlQTljZW5uaWUlMjBzb2l0JTIwdm90cmUlMjAlMjIlN0QlMkMlN0IlMjJ0ZXh0JTIyJTNBJTIyJUMzJUEyZ2UlMjBkJ29yJTIyJTJDJTIyYm9sZCUyMiUzQXRydWUlN0QlMkMlN0IlMjJ0ZXh0JTIyJTNBJTIyJTIwZGUlMjB2aXRhbGl0JUMzJUE5JTIwZXQlMjBkZSUyMHIlQzMlQTlhbGlzYXRpb24uJTIyJTdEJTVEJTdEJTVE\">\n<div data-slate-node=\"element\" class=\"py-[3px]\">\n<p><strong><span class=\"font-[600]\" data-slate-leaf=\"true\">Le d\u00e9fi :<\/span><\/strong><span data-slate-node=\"text\"><span class=\"\" data-slate-leaf=\"true\"> Le cap de la cinquantaine est une p\u00e9riode de transition qui demande de red\u00e9finir son bien-\u00eatre et ses objectifs.<\/span><\/span><\/p>\n<div class=\"py-[3px]\"><\/div>\n<p><strong><span class=\"font-[600]\" data-slate-leaf=\"true\">La solution :<\/span><\/strong><span data-slate-node=\"text\"><span class=\"\" data-slate-leaf=\"true\"> Cette branche est d\u00e9di\u00e9e \u00e0 l&rsquo;art de vivre cette <\/span><\/span><span data-slate-node=\"text\"><span class=\"font-[600]\" data-slate-leaf=\"true\">vie \u00e9panouie apr\u00e8s 50 ans<\/span><\/span><span data-slate-node=\"text\"><span class=\"\" data-slate-leaf=\"true\">. Nous explorons des strat\u00e9gies pour le bien-\u00eatre hormonal, la confiance en soi renouvel\u00e9e et la red\u00e9finition de vos projets, pour que cette d\u00e9cennie soit votre <\/span><\/span><span data-slate-node=\"text\"><span class=\"font-[600]\" data-slate-leaf=\"true\">\u00e2ge d&rsquo;or<\/span><\/span><span data-slate-node=\"text\"><span class=\"\" data-slate-leaf=\"true\"> de vitalit\u00e9 et de r\u00e9alisation.<\/span><\/span><\/div>\n<\/div>\n<p>[\/et_pb_text][\/et_pb_column][\/et_pb_row][et_pb_row column_structure=\u00a0\u00bb1_3,1_3,1_3&Prime; _builder_version=\u00a0\u00bb4.27.5&Prime; _module_preset=\u00a0\u00bbdefault\u00a0\u00bb global_colors_info=\u00a0\u00bb{}\u00a0\u00bb][et_pb_column type=\u00a0\u00bb1_3&Prime; _builder_version=\u00a0\u00bb4.27.5&Prime; _module_preset=\u00a0\u00bbdefault\u00a0\u00bb global_colors_info=\u00a0\u00bb{}\u00a0\u00bb][et_pb_video src=\u00a0\u00bbhttps:\/\/www.youtube.com\/shorts\/aVAZIyQF5jI\u00a0\u00bb _builder_version=\u00a0\u00bb4.27.5&Prime; _module_preset=\u00a0\u00bbdefault\u00a0\u00bb global_colors_info=\u00a0\u00bb{}\u00a0\u00bb][\/et_pb_video][\/et_pb_column][et_pb_column type=\u00a0\u00bb1_3&Prime; _builder_version=\u00a0\u00bb4.27.5&Prime; _module_preset=\u00a0\u00bbdefault\u00a0\u00bb global_colors_info=\u00a0\u00bb{}\u00a0\u00bb][et_pb_video src=\u00a0\u00bbhttps:\/\/youtube.com\/shorts\/ZqNMYXJcTjU\u00a0\u00bb _builder_version=\u00a0\u00bb4.27.5&Prime; _module_preset=\u00a0\u00bbdefault\u00a0\u00bb global_colors_info=\u00a0\u00bb{}\u00a0\u00bb][\/et_pb_video][\/et_pb_column][et_pb_column type=\u00a0\u00bb1_3&Prime; _builder_version=\u00a0\u00bb4.27.5&Prime; _module_preset=\u00a0\u00bbdefault\u00a0\u00bb global_colors_info=\u00a0\u00bb{}\u00a0\u00bb][et_pb_video src=\u00a0\u00bbhttps:\/\/youtube.com\/shorts\/Tq6j8WpCnc0&Prime; _builder_version=\u00a0\u00bb4.27.5&Prime; _module_preset=\u00a0\u00bbdefault\u00a0\u00bb global_colors_info=\u00a0\u00bb{}\u00a0\u00bb][\/et_pb_video][\/et_pb_column][\/et_pb_row][et_pb_row _builder_version=\u00a0\u00bb4.27.5&Prime; _module_preset=\u00a0\u00bbdefault\u00a0\u00bb global_colors_info=\u00a0\u00bb{}\u00a0\u00bb][et_pb_column type=\u00a0\u00bb4_4&Prime; _builder_version=\u00a0\u00bb4.27.5&Prime; _module_preset=\u00a0\u00bbdefault\u00a0\u00bb global_colors_info=\u00a0\u00bb{}\u00a0\u00bb][et_pb_button button_url=\u00a0\u00bbhttps:\/\/www.youtube.com\/playlist?list=PLpLwfgF4nhvGxDthshrCv1mF_cmfucrNp\u00a0\u00bb url_new_window=\u00a0\u00bbon\u00a0\u00bb button_text=\u00a0\u00bbAcc\u00e8s \u00e0 la playlist\u00a0\u00bb button_alignment=\u00a0\u00bbcenter\u00a0\u00bb _builder_version=\u00a0\u00bb4.27.5&Prime; _module_preset=\u00a0\u00bbdefault\u00a0\u00bb custom_button=\u00a0\u00bbon\u00a0\u00bb button_text_color=\u00a0\u00bb#FFFFFF\u00a0\u00bb button_bg_color=\u00a0\u00bb#59ce23&Prime; hover_enabled=\u00a0\u00bb0&Prime; global_colors_info=\u00a0\u00bb{}\u00a0\u00bb sticky_enabled=\u00a0\u00bb0&Prime;][\/et_pb_button][\/et_pb_column][\/et_pb_row][\/et_pb_section]<\/p>\n","protected":false},"excerpt":{"rendered":"<p>\ud83c\udf33 2. L&rsquo;\u00e2ge d&rsquo;OR : L&rsquo;\u00e9panouissement au f\u00e9minin. Le d\u00e9fi : Le cap de la cinquantaine est une p\u00e9riode de transition qui demande de red\u00e9finir son bien-\u00eatre et ses objectifs. La solution : Cette branche est d\u00e9di\u00e9e \u00e0 l&rsquo;art de vivre cette vie \u00e9panouie apr\u00e8s 50 ans. Nous explorons des strat\u00e9gies pour le bien-\u00eatre hormonal, [&hellip;]<\/p>\n","protected":false},"author":2,"featured_media":0,"parent":0,"menu_order":0,"comment_status":"closed","ping_status":"closed","template":"","meta":{"_et_pb_use_builder":"on","_et_pb_old_content":"","_et_gb_content_width":"","footnotes":""},"class_list":["post-359","page","type-page","status-publish","hentry"],"yoast_head":"<!-- This site is optimized with the Yoast SEO plugin v27.0 - https:\/\/yoast.com\/product\/yoast-seo-wordpress\/ -->\n<title>L&#039;\u00e2ge d&#039;OR - Energid\u00e9ale<\/title>\n<meta name=\"robots\" content=\"index, follow, max-snippet:-1, max-image-preview:large, max-video-preview:-1\" \/>\n<link rel=\"canonical\" href=\"https:\/\/energideale.fr\/index.php\/lage-dor\/\" \/>\n<meta property=\"og:locale\" content=\"fr_FR\" \/>\n<meta property=\"og:type\" content=\"article\" \/>\n<meta property=\"og:title\" content=\"L&#039;\u00e2ge d&#039;OR - Energid\u00e9ale\" \/>\n<meta property=\"og:description\" content=\"\ud83c\udf33 2. L&#039;\u00e2ge d&#039;OR : L&#039;\u00e9panouissement au f\u00e9minin. Le d\u00e9fi : Le cap de la cinquantaine est une p\u00e9riode de transition qui demande de red\u00e9finir son bien-\u00eatre et ses objectifs. La solution : Cette branche est d\u00e9di\u00e9e \u00e0 l&#039;art de vivre cette vie \u00e9panouie apr\u00e8s 50 ans. Nous explorons des strat\u00e9gies pour le bien-\u00eatre hormonal, [&hellip;]\" \/>\n<meta property=\"og:url\" content=\"https:\/\/energideale.fr\/index.php\/lage-dor\/\" \/>\n<meta property=\"og:site_name\" content=\"Energid\u00e9ale\" \/>\n<meta property=\"article:modified_time\" content=\"2026-02-24T12:08:40+00:00\" \/>\n<meta name=\"twitter:card\" content=\"summary_large_image\" \/>\n<script type=\"application\/ld+json\" class=\"yoast-schema-graph\">{\"@context\":\"https:\/\/schema.org\",\"@graph\":[{\"@type\":\"WebPage\",\"@id\":\"https:\/\/energideale.fr\/index.php\/lage-dor\/\",\"url\":\"https:\/\/energideale.fr\/index.php\/lage-dor\/\",\"name\":\"L'\u00e2ge d'OR - Energid\u00e9ale\",\"isPartOf\":{\"@id\":\"https:\/\/energideale.fr\/#website\"},\"datePublished\":\"2026-01-24T12:52:00+00:00\",\"dateModified\":\"2026-02-24T12:08:40+00:00\",\"breadcrumb\":{\"@id\":\"https:\/\/energideale.fr\/index.php\/lage-dor\/#breadcrumb\"},\"inLanguage\":\"fr-FR\",\"potentialAction\":[{\"@type\":\"ReadAction\",\"target\":[\"https:\/\/energideale.fr\/index.php\/lage-dor\/\"]}]},{\"@type\":\"BreadcrumbList\",\"@id\":\"https:\/\/energideale.fr\/index.php\/lage-dor\/#breadcrumb\",\"itemListElement\":[{\"@type\":\"ListItem\",\"position\":1,\"name\":\"Accueil\",\"item\":\"https:\/\/energideale.fr\/\"},{\"@type\":\"ListItem\",\"position\":2,\"name\":\"L&rsquo;\u00e2ge d&rsquo;OR\"}]},{\"@type\":\"WebSite\",\"@id\":\"https:\/\/energideale.fr\/#website\",\"url\":\"https:\/\/energideale.fr\/\",\"name\":\"Energid\u00e9ale\",\"description\":\"\",\"potentialAction\":[{\"@type\":\"SearchAction\",\"target\":{\"@type\":\"EntryPoint\",\"urlTemplate\":\"https:\/\/energideale.fr\/?s={search_term_string}\"},\"query-input\":{\"@type\":\"PropertyValueSpecification\",\"valueRequired\":true,\"valueName\":\"search_term_string\"}}],\"inLanguage\":\"fr-FR\"}]}<\/script>\n<!-- \/ Yoast SEO plugin. -->","yoast_head_json":{"title":"L'\u00e2ge d'OR - Energid\u00e9ale","robots":{"index":"index","follow":"follow","max-snippet":"max-snippet:-1","max-image-preview":"max-image-preview:large","max-video-preview":"max-video-preview:-1"},"canonical":"https:\/\/energideale.fr\/index.php\/lage-dor\/","og_locale":"fr_FR","og_type":"article","og_title":"L'\u00e2ge d'OR - Energid\u00e9ale","og_description":"\ud83c\udf33 2. L'\u00e2ge d'OR : L'\u00e9panouissement au f\u00e9minin. Le d\u00e9fi : Le cap de la cinquantaine est une p\u00e9riode de transition qui demande de red\u00e9finir son bien-\u00eatre et ses objectifs. La solution : Cette branche est d\u00e9di\u00e9e \u00e0 l'art de vivre cette vie \u00e9panouie apr\u00e8s 50 ans. Nous explorons des strat\u00e9gies pour le bien-\u00eatre hormonal, [&hellip;]","og_url":"https:\/\/energideale.fr\/index.php\/lage-dor\/","og_site_name":"Energid\u00e9ale","article_modified_time":"2026-02-24T12:08:40+00:00","twitter_card":"summary_large_image","schema":{"@context":"https:\/\/schema.org","@graph":[{"@type":"WebPage","@id":"https:\/\/energideale.fr\/index.php\/lage-dor\/","url":"https:\/\/energideale.fr\/index.php\/lage-dor\/","name":"L'\u00e2ge d'OR - Energid\u00e9ale","isPartOf":{"@id":"https:\/\/energideale.fr\/#website"},"datePublished":"2026-01-24T12:52:00+00:00","dateModified":"2026-02-24T12:08:40+00:00","breadcrumb":{"@id":"https:\/\/energideale.fr\/index.php\/lage-dor\/#breadcrumb"},"inLanguage":"fr-FR","potentialAction":[{"@type":"ReadAction","target":["https:\/\/energideale.fr\/index.php\/lage-dor\/"]}]},{"@type":"BreadcrumbList","@id":"https:\/\/energideale.fr\/index.php\/lage-dor\/#breadcrumb","itemListElement":[{"@type":"ListItem","position":1,"name":"Accueil","item":"https:\/\/energideale.fr\/"},{"@type":"ListItem","position":2,"name":"L&rsquo;\u00e2ge d&rsquo;OR"}]},{"@type":"WebSite","@id":"https:\/\/energideale.fr\/#website","url":"https:\/\/energideale.fr\/","name":"Energid\u00e9ale","description":"","potentialAction":[{"@type":"SearchAction","target":{"@type":"EntryPoint","urlTemplate":"https:\/\/energideale.fr\/?s={search_term_string}"},"query-input":{"@type":"PropertyValueSpecification","valueRequired":true,"valueName":"search_term_string"}}],"inLanguage":"fr-FR"}]}},"_links":{"self":[{"href":"https:\/\/energideale.fr\/index.php\/wp-json\/wp\/v2\/pages\/359","targetHints":{"allow":["GET"]}}],"collection":[{"href":"https:\/\/energideale.fr\/index.php\/wp-json\/wp\/v2\/pages"}],"about":[{"href":"https:\/\/energideale.fr\/index.php\/wp-json\/wp\/v2\/types\/page"}],"author":[{"embeddable":true,"href":"https:\/\/energideale.fr\/index.php\/wp-json\/wp\/v2\/users\/2"}],"replies":[{"embeddable":true,"href":"https:\/\/energideale.fr\/index.php\/wp-json\/wp\/v2\/comments?post=359"}],"version-history":[{"count":8,"href":"https:\/\/energideale.fr\/index.php\/wp-json\/wp\/v2\/pages\/359\/revisions"}],"predecessor-version":[{"id":426,"href":"https:\/\/energideale.fr\/index.php\/wp-json\/wp\/v2\/pages\/359\/revisions\/426"}],"wp:attachment":[{"href":"https:\/\/energideale.fr\/index.php\/wp-json\/wp\/v2\/media?parent=359"}],"curies":[{"name":"wp","href":"https:\/\/api.w.org\/{rel}","templated":true}]}}